{"id":2,"date":"2022-10-17T17:10:51","date_gmt":"2022-10-17T17:10:51","guid":{"rendered":"http:\/\/www.tunnetaiteilijasanna.fi\/?page_id=2"},"modified":"2024-04-15T15:10:46","modified_gmt":"2024-04-15T15:10:46","slug":"sample-page","status":"publish","type":"page","link":"https:\/\/www.tunnetaiteilijasanna.fi\/?page_id=2","title":{"rendered":"tArina minusta ( 2022 )"},"content":{"rendered":"\n<blockquote class=\"wp-block-quote\"><p>Hei \ud83d\ude42 Olen tunnetaiteilija Sanna. Koulutukseltani olen ylioppilas (2004), tradenomi AMK (2010), sosionomi AMK (2018). Minulta l\u00f6ytyy my\u00f6s markkinointiviestinn\u00e4n at (2015). Olen opiskellut my\u00f6s kasvatustieteiden perus-ja aineopinnot sek\u00e4 psykologian perusopinnot avoimessa yliopistossa. T\u00e4ll\u00e4 hetkell\u00e4 toimin mielenterveyskuntoutuksen ohjaajana Loimaalla ja kouluttaudun Ratkaisukeskeisen taideterapian ohjaajaksi Tampereella.<\/p><\/blockquote>\n\n\n\n<figure class=\"wp-block-image size-large\"><img loading=\"lazy\" width=\"1024\" height=\"576\" src=\"http:\/\/www.tunnetaiteilijasanna.fi\/wp-content\/uploads\/2022\/10\/IMG_3104-3-1024x576.jpg\" alt=\"\" class=\"wp-image-54\" srcset=\"https:\/\/www.tunnetaiteilijasanna.fi\/wp-content\/uploads\/2022\/10\/IMG_3104-3-1024x576.jpg 1024w, https:\/\/www.tunnetaiteilijasanna.fi\/wp-content\/uploads\/2022\/10\/IMG_3104-3-300x169.jpg 300w, https:\/\/www.tunnetaiteilijasanna.fi\/wp-content\/uploads\/2022\/10\/IMG_3104-3-768x432.jpg 768w, https:\/\/www.tunnetaiteilijasanna.fi\/wp-content\/uploads\/2022\/10\/IMG_3104-3-1536x864.jpg 1536w, https:\/\/www.tunnetaiteilijasanna.fi\/wp-content\/uploads\/2022\/10\/IMG_3104-3-850x478.jpg 850w, https:\/\/www.tunnetaiteilijasanna.fi\/wp-content\/uploads\/2022\/10\/IMG_3104-3.jpg 1919w\" sizes=\"(max-width: 1024px) 100vw, 1024px\" \/><\/figure>\n\n\n\n<h2>Mist\u00e4 kaikki alkoi?<\/h2>\n\n\n\n<p>Olen lapsesta asti rakastanut taidetta; piirt\u00e4mist\u00e4, maalaamista, savit\u00f6it\u00e4, rakentamista, sisustamista, luonnossa liikkumista, meikkej\u00e4, musiikkia, tanssimista.. Luova puoleni onkin seurannut minua etsiess\u00e4ni paikkaani ty\u00f6el\u00e4m\u00e4ss\u00e4 ja el\u00e4m\u00e4ss\u00e4 muutoinkin. Luovuuteni tuntui olevan hetkellisesti kadoksissa kiireisen arjen keskell\u00e4, kunnes 2021 pitk\u00e4\u00e4n jatkuneiden tutkimusten j\u00e4lkeen minulla todettiin kilpirauhasen sy\u00f6p\u00e4. Sain t\u00e4m\u00e4n tiedon l\u00e4\u00e4k\u00e4rilt\u00e4 puhelimitse, ajaessani autoa, asiakas kyydiss\u00e4. Heti samana viikonloppuna aloin maalata. Syntyi ensimm\u00e4inen tunnety\u00f6ni, jonka mukaan my\u00f6hemmin nimesin my\u00f6s esikoisn\u00e4yttelyni. <\/p>\n\n\n<div class=\"wp-block-image\">\n<figure class=\"aligncenter size-full is-resized\"><img loading=\"lazy\" src=\"http:\/\/www.tunnetaiteilijasanna.fi\/wp-content\/uploads\/2022\/10\/osamua.jpg\" alt=\"\" class=\"wp-image-94\" width=\"521\" height=\"720\" srcset=\"https:\/\/www.tunnetaiteilijasanna.fi\/wp-content\/uploads\/2022\/10\/osamua.jpg 694w, https:\/\/www.tunnetaiteilijasanna.fi\/wp-content\/uploads\/2022\/10\/osamua-217x300.jpg 217w, https:\/\/www.tunnetaiteilijasanna.fi\/wp-content\/uploads\/2022\/10\/osamua-300x415.jpg 300w\" sizes=\"(max-width: 521px) 100vw, 521px\" \/><figcaption>Osa Mua<\/figcaption><\/figure><\/div>\n\n\n<h2>Taistelu sy\u00f6p\u00e4\u00e4 vastaan<\/h2>\n\n\n\n<p>Aluksi jatkoin suorittavaa el\u00e4m\u00e4nrytmi\u00e4ni ja p\u00e4\u00e4tin taistella eteenp\u00e4in antamatta sy\u00f6v\u00e4n vaikuttaa itseeni tai tulevaisuuteeni. Ensimm\u00e4isen leikkauksen j\u00e4lkeen, jossa puolet kilpirauhasestani poistettiin, sy\u00f6p\u00e4\u00e4 ei todennettu ja palasin t\u00f6ihini melko nopealla aikataululla. Kuvittelin el\u00e4m\u00e4n jatkuvan kuten ennenkin. Kuitenkin minulla oli tunne, ettei kaikki ole hyvin. Nelj\u00e4 viikkoa my\u00f6hemmin sainkin puhelun kirurgiltani, jossa h\u00e4n kertoikin sy\u00f6p\u00e4\u00e4 l\u00f6ytyneen ja minut kutsuttiin uuteen leikkaukseen, jonka tarkoituksena oli poistaa loputkin j\u00e4ljell\u00e4 olevasta kilpirauhasestani.   <\/p>\n\n\n<div class=\"wp-block-image\">\n<figure class=\"aligncenter size-full is-resized\"><img loading=\"lazy\" src=\"http:\/\/www.tunnetaiteilijasanna.fi\/wp-content\/uploads\/2022\/10\/sairaalassa.jpg\" alt=\"\" class=\"wp-image-95\" width=\"540\" height=\"720\" srcset=\"https:\/\/www.tunnetaiteilijasanna.fi\/wp-content\/uploads\/2022\/10\/sairaalassa.jpg 720w, https:\/\/www.tunnetaiteilijasanna.fi\/wp-content\/uploads\/2022\/10\/sairaalassa-225x300.jpg 225w, https:\/\/www.tunnetaiteilijasanna.fi\/wp-content\/uploads\/2022\/10\/sairaalassa-300x400.jpg 300w\" sizes=\"(max-width: 540px) 100vw, 540px\" \/><\/figure><\/div>\n\n\n<p>Toisen leikkauksen j\u00e4lkeen vointini ei palautunutkaan toivotulla tavalla, vaan minut valtasi jatkuva v\u00e4symys, joka ei helpottanut 15 tunnin y\u00f6unillakaan. Suussani alkoi tulehdus, jonka seurauksena k\u00e4rsin kovista kivuista, enk\u00e4 lopulta pystynyt en\u00e4\u00e4 sy\u00f6m\u00e4\u00e4n kiinte\u00e4\u00e4 ruokaa. K\u00e4vin kahdeksassa eri operaatiossa, s\u00f6in antibiootteja ja s\u00e4rkyl\u00e4\u00e4kkeit\u00e4, k\u00e4vin p\u00e4\u00e4n kartiokeilakuvauksessa ja lopulta kaksi hammastani poistettiin, jonka j\u00e4lkeen hampaiden poistosta j\u00e4\u00e4nytt\u00e4 luuta poistettiin viel\u00e4 kolmesti j\u00e4lkik\u00e4teen. Suuhuni oli p\u00e4\u00e4ssyt jokin bakteeri, joka oli tulehduttanut syv\u00e4ll\u00e4 ikenen alla olleen viisaudenhampaan. <\/p>\n\n\n\n<p>V\u00e4symys jatkui. Painoni nousi noin 10 kiloa ja vanha selk\u00e4vaivani alkoi oireilla. Liikkumattomuus oli tehnyt teht\u00e4v\u00e4ns\u00e4. Mutta, kun ei vain jaksanut liikkua, vaikka yritti itse\u00e4\u00e4n tsempata. Ulkona porotti aurinko ja ihmiset nauttivat Suomeen saapuneista enn\u00e4tyshelteist\u00e4. Itse k\u00e4velin ovesta ulos terassillemme ja jo hetken p\u00e4\u00e4st\u00e4 takaisin sis\u00e4lle, ilmastoituun tilaan hengitt\u00e4m\u00e4\u00e4n helpotusta. K\u00e4velyretket j\u00e4iv\u00e4t lyhyiksi ja uimaan en saanut menn\u00e4.   <\/p>\n\n\n\n<h2>H\u00e4iden suunnittelua koronan, sy\u00f6p\u00e4leikkausten ja sel\u00e4n kipujen keskell\u00e4<\/h2>\n\n\n\n<p>Selk\u00e4 romahti ja kunto romahti. Romahdin itsekin v\u00e4h\u00e4n. Alkoi sel\u00e4st\u00e4 jalkater\u00e4\u00e4n asti s\u00e4teilev\u00e4 hermokipu. Kipu oli jatkuvaa. Jouduin esimerkiksi kesken ruoanlaiton k\u00e4ym\u00e4\u00e4n kylkiasentoon makaamaan, jos kipu tuli kovana. Y\u00f6t meniv\u00e4t usein valvoessa, erikoisissa asennoissa tai k\u00e4velem\u00e4ll\u00e4 ymp\u00e4ri asuntoa. Nukuin sitten taas p\u00e4iv\u00e4ll\u00e4, koska v\u00e4symys painoi raskaana taakkana kokoajan. Siin\u00e4 samalla j\u00e4rjestin omia h\u00e4it\u00e4ni. H\u00e4\u00e4p\u00e4iv\u00e4\u00e4 oli jouduttu jo kerran siirt\u00e4m\u00e4\u00e4n koronaepidemian vuoksi, joten tahtotila niiden toteutumiseen oli korkealla. T\u00e4ss\u00e4 teht\u00e4v\u00e4ss\u00e4 kyll\u00e4 onnistuinkin, vaikka h\u00e4\u00e4pukuani pitikin lihomisen vuoksi suurentaa ja Perskindolia ja kipul\u00e4\u00e4kett\u00e4 k\u00e4ytt\u00e4\u00e4 ennen h\u00e4\u00e4pukuun pukeutumista. P\u00e4iv\u00e4 meni kaikesta huolimatta t\u00e4ydellisesti &lt;3 <\/p>\n\n\n\n<figure class=\"wp-block-image size-large\"><img loading=\"lazy\" width=\"1024\" height=\"683\" src=\"http:\/\/www.tunnetaiteilijasanna.fi\/wp-content\/uploads\/2022\/10\/5O4A2203_netti-1024x683.jpg\" alt=\"\" class=\"wp-image-93\" srcset=\"https:\/\/www.tunnetaiteilijasanna.fi\/wp-content\/uploads\/2022\/10\/5O4A2203_netti-1024x683.jpg 1024w, https:\/\/www.tunnetaiteilijasanna.fi\/wp-content\/uploads\/2022\/10\/5O4A2203_netti-300x200.jpg 300w, https:\/\/www.tunnetaiteilijasanna.fi\/wp-content\/uploads\/2022\/10\/5O4A2203_netti-768x512.jpg 768w, https:\/\/www.tunnetaiteilijasanna.fi\/wp-content\/uploads\/2022\/10\/5O4A2203_netti-1536x1024.jpg 1536w, https:\/\/www.tunnetaiteilijasanna.fi\/wp-content\/uploads\/2022\/10\/5O4A2203_netti-850x567.jpg 850w, https:\/\/www.tunnetaiteilijasanna.fi\/wp-content\/uploads\/2022\/10\/5O4A2203_netti.jpg 2048w\" sizes=\"(max-width: 1024px) 100vw, 1024px\" \/><figcaption>Valokuvaaja Sonja Siikanen<\/figcaption><\/figure>\n\n\n\n<h2>Vihdoin jaksoin taas maalata ja ajatus n\u00e4yttelyst\u00e4 her\u00e4si<\/h2>\n\n\n\n<p>H\u00e4iden j\u00e4lkeen, syyskuussa, jaksoin taas maalata. K\u00e4vin l\u00e4pi jodittoman ruokavalion ja radiojodihoidot eristyksess\u00e4 lyijyhuoneessa. Selk\u00e4\u00e4ni varten varattiin magneettikuvaus. Maalauksia alkoi synty\u00e4 niin kovaa vauhtia, ett\u00e4 niit\u00e4 jouduttiin siirt\u00e4m\u00e4\u00e4n s\u00e4ilytykseen halliin. Sairaslomani kesti yhteens\u00e4 nelj\u00e4 ja puoli kuukautta, jonka j\u00e4lkeen palasin t\u00f6ihin. Heti ekalla viikolla selk\u00e4ni pamahti ja j\u00e4in kotiin toipumaan pariksi p\u00e4iv\u00e4ksi. My\u00f6s v\u00e4symys kulki yh\u00e4 mukanani ja t\u00f6ihin palaaminen otti kovasti voimille. Kaikki vapaap\u00e4iv\u00e4t meniv\u00e4t palautumiseen. Marraskuussa kilpirauhasarvoni tarkastettiin ja lukemani olivat edelleen t\u00e4ysin rempallaan, l\u00e4\u00e4kityst\u00e4 lis\u00e4ttiin j\u00e4lleen kerran. Jo yst\u00e4v\u00e4ksi muodostunut kampaajani teki minulle vy\u00f6hyketerapiahoitoja. Toinen tuttavani hoiti minua reikihoidoin. Rakas aviomieheni py\u00f6ritti arkea silloin, kun en jaksanut. Pikkujouluihin en jaksanut edes osallistua, kaipasin rauhaa ja hiljaisuutta. K\u00e4vin vesijuoksemassa niin kauan, kunnes korona sulki taas uimahallit. K\u00e4velin mets\u00e4ss\u00e4. Poltin kynttil\u00f6it\u00e4. Ihana ty\u00f6terveysl\u00e4\u00e4k\u00e4rini kertoi minulle mahdollisuudesta Kelan selk\u00e4kuntoutukseen, joten hain sinne. Taistelin eteenp\u00e4in. Olin julkaissut maalauksiani Facebookkiin, joten l\u00e4heiset kehottivat minua pit\u00e4m\u00e4\u00e4n n\u00e4yttelyn. Ajatus her\u00e4si &#8211; Voisinko? Ehk\u00e4 voisinkin? Ehk\u00e4 uskaltaisin?     <\/p>\n\n\n<div class=\"wp-block-image\">\n<figure class=\"aligncenter size-large is-resized\"><img loading=\"lazy\" src=\"http:\/\/www.tunnetaiteilijasanna.fi\/wp-content\/uploads\/2022\/10\/mesassa-768x1024.jpg\" alt=\"\" class=\"wp-image-96\" width=\"576\" height=\"768\" srcset=\"https:\/\/www.tunnetaiteilijasanna.fi\/wp-content\/uploads\/2022\/10\/mesassa-768x1024.jpg 768w, https:\/\/www.tunnetaiteilijasanna.fi\/wp-content\/uploads\/2022\/10\/mesassa-225x300.jpg 225w, https:\/\/www.tunnetaiteilijasanna.fi\/wp-content\/uploads\/2022\/10\/mesassa-1152x1536.jpg 1152w, https:\/\/www.tunnetaiteilijasanna.fi\/wp-content\/uploads\/2022\/10\/mesassa-300x400.jpg 300w, https:\/\/www.tunnetaiteilijasanna.fi\/wp-content\/uploads\/2022\/10\/mesassa-850x1133.jpg 850w, https:\/\/www.tunnetaiteilijasanna.fi\/wp-content\/uploads\/2022\/10\/mesassa.jpg 1536w\" sizes=\"(max-width: 576px) 100vw, 576px\" \/><\/figure><\/div>\n\n\n<p>Joulu tuli ja joulu meni. P\u00e4\u00e4t\u00f6s tuli, minut oli hyv\u00e4ksytty Kelan yksil\u00f6kuntoutukseen. Maaliskuussa osallistuin kuntoutuksen ensimm\u00e4iselle jaksolle Turussa. Olin motivoitunut. Alasel\u00e4n oireilun lis\u00e4ksi kropastani l\u00f6ytyi my\u00f6s jalkater\u00e4ongelmia, yl\u00e4sel\u00e4n ongelmia, oikean k\u00e4den voimattomuutta ja kasap\u00e4in lihasjumitusta, kireystiloja ja j\u00e4nnityst\u00e4, joita stressi ja selk\u00e4kipuni olivat aiheuttaneet. Kehon yritykset suojella itse\u00e4\u00e4n olivat saaneet minut jumiutumaan kokonaisvaltaisesti. Sain kotiharjoituksia useamman A4:n verran joita tuli harjoittaa joka- tai joka toinen p\u00e4iv\u00e4, harjoituksesta riippuen. Kotiinpaluun j\u00e4lkeen pysyin hetken tahdissa mukana, mutta harjoitteiden m\u00e4\u00e4r\u00e4 tuntui ylivoimaiselta omaan kiireiseen arkeen sovitettuna. Selk\u00e4 s\u00e4rki jo valmiiksi ty\u00f6p\u00e4ivien j\u00e4lkeen. <\/p>\n\n\n\n<h2>Kipukierre ei p\u00e4\u00e4st\u00e4nyt otteestaan<\/h2>\n\n\n\n<p>Huhtikuussa olin taas sel\u00e4n vuoksi sairaslomalla parin p\u00e4iv\u00e4n ajan, kun en p\u00e4\u00e4ssyt en\u00e4\u00e4 nousemaan suoraksi. Jatkoin kuitenkin t\u00f6it\u00e4 normaaliin tapaan, kunnes toukokuussa jouduin poistumaan ty\u00f6paikalta kesken p\u00e4iv\u00e4n p\u00e4ivystykseen. Siit\u00e4 alkoi kolmen viikon sairasloma, hermokivut olivat palanneet ja s\u00f6in valtavasti vahvoja l\u00e4\u00e4kkeit\u00e4 pysty\u00e4kseni olemaan edes kotioloissa. Olin t\u00e4ll\u00e4 aikaa kuitenkin tehnyt p\u00e4\u00e4t\u00f6ksen esikoisn\u00e4yttelyni pit\u00e4misest\u00e4 ja varannut Forssan kirjaston n\u00e4yttelytila Vinkkelin t\u00e4t\u00e4 tarkoitusta varten. T\u00e4ss\u00e4kin kohtaa taistelin. Aviomieheni avustuksella taulut saatiin kaikki paikoilleen sovittuna ajankohtana ja esikoisn\u00e4yttelyni sai alkaa. N\u00e4yttelyni toi valtavasti positiivista palautetta ja kahdeksan taulua l\u00f6ysi sen kautta uuden omistajan. Toivon, ett\u00e4 se her\u00e4tti my\u00f6s ihmisi\u00e4 kokeilemaan taidety\u00f6skentely\u00e4 omien haasteidensa tai el\u00e4m\u00e4ntilanteidensa apuna.  <\/p>\n\n\n<div class=\"wp-block-image\">\n<figure class=\"aligncenter size-large is-resized\"><img loading=\"lazy\" src=\"http:\/\/www.tunnetaiteilijasanna.fi\/wp-content\/uploads\/2022\/10\/mind-768x1024.jpg\" alt=\"\" class=\"wp-image-101\" width=\"576\" height=\"768\" srcset=\"https:\/\/www.tunnetaiteilijasanna.fi\/wp-content\/uploads\/2022\/10\/mind-768x1024.jpg 768w, https:\/\/www.tunnetaiteilijasanna.fi\/wp-content\/uploads\/2022\/10\/mind-225x300.jpg 225w, https:\/\/www.tunnetaiteilijasanna.fi\/wp-content\/uploads\/2022\/10\/mind-1152x1536.jpg 1152w, https:\/\/www.tunnetaiteilijasanna.fi\/wp-content\/uploads\/2022\/10\/mind-300x400.jpg 300w, https:\/\/www.tunnetaiteilijasanna.fi\/wp-content\/uploads\/2022\/10\/mind-850x1133.jpg 850w, https:\/\/www.tunnetaiteilijasanna.fi\/wp-content\/uploads\/2022\/10\/mind.jpg 1536w\" sizes=\"(max-width: 576px) 100vw, 576px\" \/><\/figure><\/div>\n\n\n<h2>Mit\u00e4 minulle kuuluu nyt?<\/h2>\n\n\n\n<p>Olen yh\u00e4 kuntoutusvaiheessa selk\u00e4ni kanssa. Kipu on l\u00e4sn\u00e4, mutta toukokuun j\u00e4lkeen hermokipua ei ole esiintynyt. Olen p\u00e4\u00e4ssyt palaamaan takaisin kuntosaliharjoitteluun, vaikkakin kuntouttavalla otteella, kovaa treeni\u00e4 ei t\u00e4ss\u00e4 vaiheessa viel\u00e4 ole tarkoituskaan harrastaa. Sy\u00f6p\u00e4k\u00e4\u00e4n ei ole irrottanut otettaan ihan liian helpolla, sill\u00e4 sain hein\u00e4kuussa kuulla joutuvani uusiin hoitoihin. Toinen radiojodihoito siis k\u00e4yty l\u00e4pi t\u00e4n\u00e4 syksyn\u00e4. Kertym\u00e4\u00e4 kaulalta l\u00f6ytyi edelleen. Katson silti tulevaisuuteen avoimin mielin ja jollakin tapaa t\u00e4ysin uusin silmin. <\/p>\n\n\n\n<h2>N\u00e4k\u00f6kulman vaihtaminen<\/h2>\n\n\n\n<p>Sairastumiseni on pakottanut minut pys\u00e4htym\u00e4\u00e4n itseni \u00e4\u00e4relle ja pohtimaan arvojani. Olen aloittanut pitk\u00e4\u00e4n haaveilemani ratkaisukeskeisen taideterapian opinnot Tampereella ja toivon tulevaisuudessa voivani t\u00e4ll\u00e4 tavoin auttaa my\u00f6s muita l\u00f6yt\u00e4m\u00e4\u00e4n taiteen terapeuttisia vaikutuksia. Taide tutkitusti v\u00e4hent\u00e4\u00e4 stressi\u00e4 ja ahdistuneisuutta sek\u00e4 fyysisi\u00e4 ja psykologisia oireita. Lis\u00e4ksi tein t\u00e4m\u00e4n sivuston, jonka toivon tavoittavan aiheesta kiinnostuneita ihmisi\u00e4. Ehk\u00e4 joku saa voimaa kokemuksistani, ehk\u00e4 joku l\u00f6yt\u00e4\u00e4 itselleen sopivan taulun?<\/p>\n\n\n\n<p>Olen oivaltanut vihdoin, ett\u00e4 taide ja min\u00e4 ollaan kietouduttu yhteen, enk\u00e4 p\u00e4\u00e4st\u00e4 luovaa puoltani en\u00e4\u00e4 karkuun tai koita sit\u00e4 peitell\u00e4. Olen p\u00e4\u00e4tt\u00e4nyt olla enemm\u00e4n l\u00e4sn\u00e4, uskaltaa n\u00e4ytt\u00e4\u00e4 erityisherkkyyteni ja luottaa intuitioni voimaan. Olen saanut l\u00e4heisilt\u00e4ni valtavasti tukea ja rakkautta t\u00e4m\u00e4n vaikean vaiheen l\u00e4pik\u00e4ymiseen. <\/p>\n\n\n\n<h2>En halua el\u00e4\u00e4 ongelmassa vaan ratkaisussa<\/h2>\n\n\n\n<p>Olen saanut yhteydenottoja ja kannustusta yll\u00e4tt\u00e4vilt\u00e4kin tahoilta. Olen huomannut miten yksi asia johtaa toiseen &#8211; niin hyv\u00e4ss\u00e4 kuin pahassakin. En yrit\u00e4 en\u00e4\u00e4 niin kovasti suorittaa. En yrit\u00e4 en\u00e4\u00e4 taistella sy\u00f6p\u00e4\u00e4 vastaan, koska se kuluttaa. Yrit\u00e4n ennemmin hyv\u00e4ksy\u00e4 sen, ett\u00e4 min\u00e4 sairastuin ja toivoa, ett\u00e4 paranen. En halua el\u00e4\u00e4 ongelmassa vaan ratkaisussa. Keskitty\u00e4 el\u00e4m\u00e4\u00e4n omann\u00e4k\u00f6ist\u00e4ni el\u00e4m\u00e4\u00e4. Keskitty\u00e4 hyviin asioihin ja olla kiitollinen. Sairastuminen toi mukanaan kuitenkin pys\u00e4htymisen, kohtaamisia, sanoja, joita en olisi ehk\u00e4 muuten kuullut ja taiteen tekemisen takaisin el\u00e4m\u00e4\u00e4ni. Uskon, ett\u00e4 kaikella on tarkoituksensa. &lt;3 Kiitos sinulle, joka luit tarinani ja jostain syyst\u00e4 eksyit sivustolleni &lt;3 Rakkaudella: Sanna<\/p>\n\n\n<div class=\"wp-block-image\">\n<figure class=\"aligncenter size-large is-resized\"><img loading=\"lazy\" src=\"http:\/\/www.tunnetaiteilijasanna.fi\/wp-content\/uploads\/2022\/10\/ratkaisukeskeinen-taideterapia-768x1024.jpg\" alt=\"\" class=\"wp-image-102\" width=\"576\" height=\"768\" srcset=\"https:\/\/www.tunnetaiteilijasanna.fi\/wp-content\/uploads\/2022\/10\/ratkaisukeskeinen-taideterapia-768x1024.jpg 768w, https:\/\/www.tunnetaiteilijasanna.fi\/wp-content\/uploads\/2022\/10\/ratkaisukeskeinen-taideterapia-225x300.jpg 225w, https:\/\/www.tunnetaiteilijasanna.fi\/wp-content\/uploads\/2022\/10\/ratkaisukeskeinen-taideterapia-1152x1536.jpg 1152w, https:\/\/www.tunnetaiteilijasanna.fi\/wp-content\/uploads\/2022\/10\/ratkaisukeskeinen-taideterapia-300x400.jpg 300w, https:\/\/www.tunnetaiteilijasanna.fi\/wp-content\/uploads\/2022\/10\/ratkaisukeskeinen-taideterapia-850x1133.jpg 850w, https:\/\/www.tunnetaiteilijasanna.fi\/wp-content\/uploads\/2022\/10\/ratkaisukeskeinen-taideterapia.jpg 1536w\" sizes=\"(max-width: 576px) 100vw, 576px\" \/><\/figure><\/div>","protected":false},"excerpt":{"rendered":"<p>Hei \ud83d\ude42 Olen tunnetaiteilija Sanna. Koulutukseltani olen ylioppilas (2004), tradenomi AMK (2010), sosionomi AMK (2018). Minulta l\u00f6ytyy my\u00f6s markkinointiviestinn\u00e4n at (2015). Olen opiskellut my\u00f6s kasvatustieteiden perus-ja aineopinnot sek\u00e4 psykologian perusopinnot avoimessa yliopistossa. T\u00e4ll\u00e4 hetkell\u00e4 toimin mielenterveyskuntoutuksen ohjaajana Loimaalla ja kouluttaudun Ratkaisukeskeisen taideterapian ohjaajaksi Tampereella. Mist\u00e4 kaikki alkoi? Olen lapsesta asti rakastanut taidetta; piirt\u00e4mist\u00e4, maalaamista, savit\u00f6it\u00e4,&#8230;<\/p>\n","protected":false},"author":1,"featured_media":0,"parent":0,"menu_order":0,"comment_status":"closed","ping_status":"open","template":"","meta":[],"_links":{"self":[{"href":"https:\/\/www.tunnetaiteilijasanna.fi\/index.php?rest_route=\/wp\/v2\/pages\/2"}],"collection":[{"href":"https:\/\/www.tunnetaiteilijasanna.fi\/index.php?rest_route=\/wp\/v2\/pages"}],"about":[{"href":"https:\/\/www.tunnetaiteilijasanna.fi\/index.php?rest_route=\/wp\/v2\/types\/page"}],"author":[{"embeddable":true,"href":"https:\/\/www.tunnetaiteilijasanna.fi\/index.php?rest_route=\/wp\/v2\/users\/1"}],"replies":[{"embeddable":true,"href":"https:\/\/www.tunnetaiteilijasanna.fi\/index.php?rest_route=%2Fwp%2Fv2%2Fcomments&post=2"}],"version-history":[{"count":12,"href":"https:\/\/www.tunnetaiteilijasanna.fi\/index.php?rest_route=\/wp\/v2\/pages\/2\/revisions"}],"predecessor-version":[{"id":472,"href":"https:\/\/www.tunnetaiteilijasanna.fi\/index.php?rest_route=\/wp\/v2\/pages\/2\/revisions\/472"}],"wp:attachment":[{"href":"https:\/\/www.tunnetaiteilijasanna.fi\/index.php?rest_route=%2Fwp%2Fv2%2Fmedia&parent=2"}],"curies":[{"name":"wp","href":"https:\/\/api.w.org\/{rel}","templated":true}]}}